{"id":40,"date":"2020-12-22T10:14:42","date_gmt":"2020-12-22T09:14:42","guid":{"rendered":"https:\/\/controlc.nathanchicha.com\/?page_id=40"},"modified":"2024-05-15T16:37:27","modified_gmt":"2024-05-15T14:37:27","slug":"formations-bureautique-controlc-melun","status":"publish","type":"page","link":"https:\/\/controlc.fr\/index.php\/formations-bureautique-controlc-melun\/","title":{"rendered":"Bureautique"},"content":{"rendered":"\t\t<div data-elementor-type=\"wp-page\" data-elementor-id=\"40\" class=\"elementor elementor-40\">\n\t\t\t\t\t\t<section class=\"elementor-section elementor-top-section elementor-element elementor-element-2e1391b1 elementor-section-boxed elementor-section-height-default elementor-section-height-default\" data-id=\"2e1391b1\" data-element_type=\"section\">\n\t\t\t\t\t\t<div class=\"elementor-container elementor-column-gap-default\">\n\t\t\t\t\t<div class=\"elementor-column elementor-col-100 elementor-top-column elementor-element elementor-element-5ab3a4ca\" data-id=\"5ab3a4ca\" data-element_type=\"column\">\n\t\t\t<div class=\"elementor-widget-wrap elementor-element-populated\">\n\t\t\t\t\t\t\t<\/div>\n\t\t<\/div>\n\t\t\t\t\t<\/div>\n\t\t<\/section>\n\t\t\t\t<section class=\"elementor-section elementor-top-section elementor-element elementor-element-a506209 elementor-section-boxed elementor-section-height-default elementor-section-height-default\" data-id=\"a506209\" data-element_type=\"section\">\n\t\t\t\t\t\t<div class=\"elementor-container elementor-column-gap-default\">\n\t\t\t\t\t<div class=\"elementor-column elementor-col-100 elementor-top-column elementor-element elementor-element-3f24f40\" data-id=\"3f24f40\" data-element_type=\"column\">\n\t\t\t<div class=\"elementor-widget-wrap elementor-element-populated\">\n\t\t\t\t\t\t<div class=\"elementor-element elementor-element-1ab2311 elementor-widget elementor-widget-text-editor\" data-id=\"1ab2311\" data-element_type=\"widget\" data-widget_type=\"text-editor.default\">\n\t\t\t\t<div class=\"elementor-widget-container\">\n\t\t\t\t\t\t\t\t\t<p class=\"MsoNormal\" style=\"margin-bottom: 0.0001pt; text-align: justify; line-height: normal; background-image: initial; background-position: initial; background-size: initial; background-repeat: initial; background-attachment: initial; background-origin: initial; background-clip: initial;\"><span style=\"font-size: 11.5pt; font-family: Arial, sans-serif;\">La\u00a0<\/span><b><span style=\"font-size: 11.5pt; font-family: 'Arial',sans-serif; mso-fareast-font-family: 'Times New Roman'; color: #404040; mso-fareast-language: FR;\"><a href=\"https:\/\/fr.wikipedia.org\/wiki\/Bureautique\">bureautique<span style=\"font-weight: normal;\">\u00a0<\/span><\/a><\/span><\/b><span style=\"font-size: 11.5pt; font-family: Arial, sans-serif;\">est l\u2019ensemble des techniques et des moyens tendant \u00e0 automatiser les activit\u00e9s de bureau et, principalement, le traitement et la communication de la parole, de l\u2019\u00e9crit et de l\u2019image.<\/span><\/p><p class=\"MsoNormal\" style=\"margin-bottom: 18pt; text-align: justify; line-height: normal; background-image: initial; background-position: initial; background-size: initial; background-repeat: initial; background-attachment: initial; background-origin: initial; background-clip: initial;\"><span style=\"font-size: 11.5pt; font-family: Arial, sans-serif;\">Nous formons sur tous les logiciels, tous niveaux, jusqu\u2019\u00e0 la programmation VBA, notamment sur le Pack Office de Microsoft comme par exemple:\u00a0<\/span><\/p><p class=\"MsoNormal\" style=\"margin: 0cm 0cm 0.0001pt; text-align: justify; text-indent: -18pt; line-height: normal; background-image: initial; background-position: initial; background-size: initial; background-repeat: initial; background-attachment: initial; background-origin: initial; background-clip: initial;\"><!-- [if !supportLists]--><span style=\"font-size: 10pt; font-family: Symbol;\">\u00b7<span style=\"font-variant-numeric: normal; font-variant-east-asian: normal; font-variant-alternates: normal; font-kerning: auto; font-optical-sizing: auto; font-feature-settings: normal; font-variation-settings: normal; font-stretch: normal; font-size: 7pt; line-height: normal; font-family: 'Times New Roman';\"> \u00a0\u00a0\u00a0\u00a0\u00a0\u00a0\u00a0 <\/span><\/span><span style=\"font-size: 11.5pt; font-family: Arial, sans-serif;\">traitement de texte \u201cWord<\/span><\/p><p class=\"MsoNormal\" style=\"margin: 0cm 0cm 0.0001pt; text-align: justify; text-indent: -18pt; line-height: normal; background-image: initial; background-position: initial; background-size: initial; background-repeat: initial; background-attachment: initial; background-origin: initial; background-clip: initial;\"><!-- [if !supportLists]--><span style=\"font-size: 10pt; font-family: Symbol;\">\u00b7<span style=\"font-variant-numeric: normal; font-variant-east-asian: normal; font-variant-alternates: normal; font-kerning: auto; font-optical-sizing: auto; font-feature-settings: normal; font-variation-settings: normal; font-stretch: normal; font-size: 7pt; line-height: normal; font-family: 'Times New Roman';\"> \u00a0\u00a0\u00a0\u00a0\u00a0\u00a0\u00a0 <\/span><\/span><span style=\"font-size: 11.5pt; font-family: Arial, sans-serif;\">tableur \u201cExcel\u201d<\/span><\/p><p class=\"MsoNormal\" style=\"margin: 0cm 0cm 0.0001pt; text-align: justify; text-indent: -18pt; line-height: normal; background-image: initial; background-position: initial; background-size: initial; background-repeat: initial; background-attachment: initial; background-origin: initial; background-clip: initial;\"><!-- [if !supportLists]--><span style=\"font-size: 10pt; font-family: Symbol;\">\u00b7<span style=\"font-variant-numeric: normal; font-variant-east-asian: normal; font-variant-alternates: normal; font-kerning: auto; font-optical-sizing: auto; font-feature-settings: normal; font-variation-settings: normal; font-stretch: normal; font-size: 7pt; line-height: normal; font-family: 'Times New Roman';\"> \u00a0\u00a0\u00a0\u00a0\u00a0\u00a0\u00a0 <\/span><\/span><span style=\"font-size: 11.5pt; font-family: Arial, sans-serif;\">logiciel de gestion de donn\u00e9es \u201cAccess\u201d<\/span><\/p><p class=\"MsoNormal\" style=\"margin: 0cm 0cm 0.0001pt; text-align: justify; text-indent: -18pt; line-height: normal; background-image: initial; background-position: initial; background-size: initial; background-repeat: initial; background-attachment: initial; background-origin: initial; background-clip: initial;\"><!-- [if !supportLists]--><span style=\"font-size: 10pt; font-family: Symbol;\">\u00b7<span style=\"font-variant-numeric: normal; font-variant-east-asian: normal; font-variant-alternates: normal; font-kerning: auto; font-optical-sizing: auto; font-feature-settings: normal; font-variation-settings: normal; font-stretch: normal; font-size: 7pt; line-height: normal; font-family: 'Times New Roman';\"> \u00a0\u00a0\u00a0\u00a0\u00a0\u00a0\u00a0 <\/span><\/span><span style=\"font-size: 11.5pt; font-family: Arial, sans-serif;\">Pr\u00e9AO avec PowerPoint\u00a0<\/span><\/p><p class=\"MsoNormal\" style=\"margin: 0cm 0cm 0.0001pt; text-align: justify; text-indent: -18pt; line-height: normal; background-image: initial; background-position: initial; background-size: initial; background-repeat: initial; background-attachment: initial; background-origin: initial; background-clip: initial;\"><!-- [if !supportLists]--><span style=\"font-size: 10pt; font-family: Symbol;\">\u00b7<span style=\"font-variant-numeric: normal; font-variant-east-asian: normal; font-variant-alternates: normal; font-kerning: auto; font-optical-sizing: auto; font-feature-settings: normal; font-variation-settings: normal; font-stretch: normal; font-size: 7pt; line-height: normal; font-family: 'Times New Roman';\"> \u00a0\u00a0\u00a0\u00a0\u00a0\u00a0\u00a0 <\/span><\/span><span style=\"font-size: 11.5pt; font-family: Arial, sans-serif;\">logiciels de PAO : Publisher, mais aussi les logiciels Adobe (Photoshop, Illustrator, InDesign etc.)<\/span><\/p><p class=\"MsoNormal\" style=\"margin: 0cm 0cm 0.0001pt; text-align: justify; text-indent: -18pt; line-height: normal; background-image: initial; background-position: initial; background-size: initial; background-repeat: initial; background-attachment: initial; background-origin: initial; background-clip: initial;\"><!-- [if !supportLists]--><span style=\"font-size: 10pt; font-family: Symbol;\">\u00b7<span style=\"font-variant-numeric: normal; font-variant-east-asian: normal; font-variant-alternates: normal; font-kerning: auto; font-optical-sizing: auto; font-feature-settings: normal; font-variation-settings: normal; font-stretch: normal; font-size: 7pt; line-height: normal; font-family: 'Times New Roman';\"> \u00a0\u00a0\u00a0\u00a0\u00a0\u00a0\u00a0 <\/span><\/span><span style=\"font-size: 11.5pt; font-family: Arial, sans-serif;\">messagerie avec Outlook\u00a0<\/span><\/p><p class=\"MsoNormal\" style=\"margin: 0cm 0cm 0.0001pt; text-align: justify; text-indent: -18pt; line-height: normal; background-image: initial; background-position: initial; background-size: initial; background-repeat: initial; background-attachment: initial; background-origin: initial; background-clip: initial;\"><!-- [if !supportLists]--><span style=\"font-size: 10pt; font-family: Symbol;\">\u00b7<span style=\"font-variant-numeric: normal; font-variant-east-asian: normal; font-variant-alternates: normal; font-kerning: auto; font-optical-sizing: auto; font-feature-settings: normal; font-variation-settings: normal; font-stretch: normal; font-size: 7pt; line-height: normal; font-family: 'Times New Roman';\"> \u00a0\u00a0\u00a0\u00a0\u00a0\u00a0\u00a0 <\/span><\/span><span style=\"font-size: 11.5pt; font-family: Arial, sans-serif;\">gestion de Projet avec Project<\/span><\/p><p>\u00a0<\/p><p class=\"MsoNormal\" style=\"margin: 0cm 0cm 0.0001pt; text-align: justify; text-indent: -18pt; line-height: normal; background-image: initial; background-position: initial; background-size: initial; background-repeat: initial; background-attachment: initial; background-origin: initial; background-clip: initial;\"><!-- [if !supportLists]--><span style=\"font-size: 11.5pt; font-family: Arial, sans-serif;\">\u00a0 \u00a0 \u00a0Toutes ces formations peuvent \u00eatre financ\u00e9es gr\u00e2ce au plan de formation de votre entreprise par le biais de votre OPCO, ou pour les particuliers via votre <\/span><span style=\"font-size: 11.5pt; font-family: 'Arial',sans-serif; mso-fareast-font-family: 'Times New Roman'; color: #404040; mso-fareast-language: FR;\"><a href=\"https:\/\/controlc.fr\/index.php\/cpf-2\/\"><strong>Compte<\/strong> <strong>Personnel de Formation<\/strong><\/a><\/span><span style=\"font-size: 11.5pt; font-family: Arial, sans-serif;\">\u00a0gr\u00e2ce \u00e0 la certification <strong><a href=\"https:\/\/controlc.fr\/index.php\/tosa\/\">TOSA<\/a><\/strong>.<\/span><\/p><p class=\"MsoNormal\" style=\"margin: 0cm 0cm 0.0001pt; text-align: justify; text-indent: -18pt; line-height: normal; background-image: initial; background-position: initial; background-size: initial; background-repeat: initial; background-attachment: initial; background-origin: initial; background-clip: initial;\"><span style=\"font-size: 11.5pt; font-family: Arial, sans-serif;\">\u00a0<\/span><\/p><p><a href=\"https:\/\/www.moncompteformation.gouv.fr\/espace-prive\/html\/#\/\"><img decoding=\"async\" class=\"alignnone wp-image-5075 size-thumbnail\" src=\"https:\/\/controlc.fr\/wp-content\/uploads\/2024\/02\/Logo-officiel-cpf-150x150.png\" alt=\"\" width=\"150\" height=\"150\" srcset=\"https:\/\/controlc.fr\/wp-content\/uploads\/2024\/02\/Logo-officiel-cpf-150x150.png 150w, https:\/\/controlc.fr\/wp-content\/uploads\/2024\/02\/Logo-officiel-cpf.png 300w\" sizes=\"(max-width: 150px) 100vw, 150px\" \/><\/a><\/p><p class=\"MsoNormal\" style=\"margin: 0cm 0cm 0.0001pt; text-align: justify; text-indent: -18pt; line-height: normal; background-image: initial; background-position: initial; background-size: initial; background-repeat: initial; background-attachment: initial; background-origin: initial; background-clip: initial;\"><span style=\"font-size: 11.5pt; font-family: Arial, sans-serif;\">\u00a0 \u00a0 <\/span><span style=\"font-size: 11.5pt; font-family: Arial, sans-serif;\">En session interentreprises en nos locaux de Melun (sud Seine-et-Marne), en intra, en cours particulier sur mesure, avec ou sans vos documents de travail, en distanciel et \/ ou\u00a0 en pr\u00e9sentiel\u2026 Toutes les modalit\u00e9s sont envisageables pour r\u00e9pondre au mieux \u00e0 vos attentes. <\/span><\/p><p class=\"MsoNormal\" style=\"margin-bottom: 6pt; text-align: justify; line-height: normal; background-image: initial; background-position: initial; background-size: initial; background-repeat: initial; background-attachment: initial; background-origin: initial; background-clip: initial;\"><span style=\"font-size: 11.5pt; font-family: Arial, sans-serif;\">Un formateur expert peut, si vous le souhaitez, et sans engagement de votre part, vous appeler afin de d\u00e9finir au mieux le programme r\u00e9pondant \u00e0 vos besoins.\u00a0<\/span><\/p><p class=\"MsoNormal\" style=\"margin-bottom: 6pt; text-align: justify; line-height: normal; background-image: initial; background-position: initial; background-size: initial; background-repeat: initial; background-attachment: initial; background-origin: initial; background-clip: initial;\"><!-- [if !supportLists]--><span style=\"font-size: 11.5pt; font-family: Arial, sans-serif;\">Venez en parler avec nous ! Notre \u00e9quipe p\u00e9dagogique est joignable de 08h45 \u00e0 17h15 au 01 64 39 77 99.\u00a0<\/span><\/p><p class=\"MsoNormal\" style=\"margin-bottom: 6pt; text-align: justify; line-height: normal; background-image: initial; background-position: initial; background-size: initial; background-repeat: initial; background-attachment: initial; background-origin: initial; background-clip: initial;\"><!-- [if !supportLists]--><span style=\"font-size: 11.5pt; font-family: Arial, sans-serif;\">Notre site est en cours de construction, tous les programmes n\u2019ont pas \u00e9t\u00e9 remis en ligne \u00e0 ce jour, n\u2019h\u00e9sitez pas \u00e0 nous adresser toute demande, nous vous r\u00e9pondrons sous 48h.<\/span><\/p><p class=\"MsoNormal\" style=\"margin-bottom: 6pt; text-align: justify; line-height: normal; background-image: initial; background-position: initial; background-size: initial; background-repeat: initial; background-attachment: initial; background-origin: initial; background-clip: initial;\"><span style=\"font-size: 11.5pt; font-family: Arial, sans-serif;\">\u00a0<\/span><\/p><p class=\"MsoNormal\" style=\"margin-bottom: 6pt; text-align: justify; line-height: normal; background-image: initial; background-position: initial; background-size: initial; background-repeat: initial; background-attachment: initial; background-origin: initial; background-clip: initial;\"><span style=\"font-size: 11.5pt; font-family: Arial, sans-serif;\">\u00a0<\/span><\/p><p class=\"MsoNormal\" style=\"text-align: justify;\">\u00a0<\/p>\t\t\t\t\t\t\t\t<\/div>\n\t\t\t\t<\/div>\n\t\t\t\t\t<\/div>\n\t\t<\/div>\n\t\t\t\t\t<\/div>\n\t\t<\/section>\n\t\t\t\t<\/div>\n\t\t","protected":false},"excerpt":{"rendered":"<p>La&nbsp;bureautique&nbsp;est l\u2019ensemble des techniques et des moyens tendant \u00e0 automatiser les activit\u00e9s de bureau et, principalement, le traitement et la communication de la parole, de l\u2019\u00e9crit et de l\u2019image. Nous formons sur tous les logiciels, tous niveaux, jusqu\u2019\u00e0 la programmation VBA, notamment sur le Pack Office de Microsoft comme par&hellip;<\/p>\n","protected":false},"author":1,"featured_media":0,"parent":0,"menu_order":0,"comment_status":"closed","ping_status":"closed","template":"elementor_header_footer","meta":{"footnotes":""},"class_list":["post-40","page","type-page","status-publish","hentry"],"yoast_head":"<!-- This site is optimized with the Yoast SEO plugin v24.4 - https:\/\/yoast.com\/wordpress\/plugins\/seo\/ -->\n<title>Bureautique - formations bureautique ControlC Melun<\/title>\n<meta name=\"description\" content=\"Formations bureautiques de Control^C \u00e0 Melun : pack office, outils collaboratifs Teams Sharepoint etc. Prise en charge CPF. Certifi\u00e9 QUALIOPI\" \/>\n<meta name=\"robots\" content=\"index, follow, max-snippet:-1, max-image-preview:large, max-video-preview:-1\" \/>\n<link rel=\"canonical\" href=\"https:\/\/controlc.fr\/index.php\/formations-bureautique-controlc-melun\/\" \/>\n<meta property=\"og:locale\" content=\"fr_FR\" \/>\n<meta property=\"og:type\" content=\"article\" \/>\n<meta property=\"og:title\" content=\"Bureautique - formations bureautique ControlC Melun\" \/>\n<meta property=\"og:description\" content=\"Formations bureautiques de Control^C \u00e0 Melun : pack office, outils collaboratifs Teams Sharepoint etc. Prise en charge CPF. Certifi\u00e9 QUALIOPI\" \/>\n<meta property=\"og:url\" content=\"https:\/\/controlc.fr\/index.php\/formations-bureautique-controlc-melun\/\" \/>\n<meta property=\"article:modified_time\" content=\"2024-05-15T14:37:27+00:00\" \/>\n<meta property=\"og:image\" content=\"https:\/\/controlc.fr\/wp-content\/uploads\/2023\/06\/icons8-poste-de-travail-100.png\" \/>\n\t<meta property=\"og:image:width\" content=\"100\" \/>\n\t<meta property=\"og:image:height\" content=\"100\" \/>\n\t<meta property=\"og:image:type\" content=\"image\/png\" \/>\n<meta name=\"twitter:card\" content=\"summary_large_image\" \/>\n<meta name=\"twitter:site\" content=\"@controlcmelun\" \/>\n<meta name=\"twitter:label1\" content=\"Dur\u00e9e de lecture estim\u00e9e\" \/>\n\t<meta name=\"twitter:data1\" content=\"2 minutes\" \/>\n<script type=\"application\/ld+json\" class=\"yoast-schema-graph\">{\"@context\":\"https:\/\/schema.org\",\"@graph\":[{\"@type\":\"WebPage\",\"@id\":\"https:\/\/controlc.fr\/index.php\/formations-bureautique-controlc-melun\/\",\"url\":\"https:\/\/controlc.fr\/index.php\/formations-bureautique-controlc-melun\/\",\"name\":\"Bureautique - formations bureautique ControlC Melun\",\"isPartOf\":{\"@id\":\"https:\/\/controlc.fr\/#website\"},\"primaryImageOfPage\":{\"@id\":\"https:\/\/controlc.fr\/index.php\/formations-bureautique-controlc-melun\/#primaryimage\"},\"image\":{\"@id\":\"https:\/\/controlc.fr\/index.php\/formations-bureautique-controlc-melun\/#primaryimage\"},\"thumbnailUrl\":\"https:\/\/controlc.fr\/wp-content\/uploads\/2024\/02\/Logo-officiel-cpf-150x150.png\",\"datePublished\":\"2020-12-22T09:14:42+00:00\",\"dateModified\":\"2024-05-15T14:37:27+00:00\",\"description\":\"Formations bureautiques de Control^C \u00e0 Melun : pack office, outils collaboratifs Teams Sharepoint etc. Prise en charge CPF. Certifi\u00e9 QUALIOPI\",\"breadcrumb\":{\"@id\":\"https:\/\/controlc.fr\/index.php\/formations-bureautique-controlc-melun\/#breadcrumb\"},\"inLanguage\":\"fr-FR\",\"potentialAction\":[{\"@type\":\"ReadAction\",\"target\":[\"https:\/\/controlc.fr\/index.php\/formations-bureautique-controlc-melun\/\"]}]},{\"@type\":\"ImageObject\",\"inLanguage\":\"fr-FR\",\"@id\":\"https:\/\/controlc.fr\/index.php\/formations-bureautique-controlc-melun\/#primaryimage\",\"url\":\"https:\/\/controlc.fr\/wp-content\/uploads\/2024\/02\/Logo-officiel-cpf.png\",\"contentUrl\":\"https:\/\/controlc.fr\/wp-content\/uploads\/2024\/02\/Logo-officiel-cpf.png\",\"width\":300,\"height\":300},{\"@type\":\"BreadcrumbList\",\"@id\":\"https:\/\/controlc.fr\/index.php\/formations-bureautique-controlc-melun\/#breadcrumb\",\"itemListElement\":[{\"@type\":\"ListItem\",\"position\":1,\"name\":\"Accueil\",\"item\":\"https:\/\/controlc.fr\/\"},{\"@type\":\"ListItem\",\"position\":2,\"name\":\"Bureautique\"}]},{\"@type\":\"WebSite\",\"@id\":\"https:\/\/controlc.fr\/#website\",\"url\":\"https:\/\/controlc.fr\/\",\"name\":\"Controlc.fr\",\"description\":\"\",\"publisher\":{\"@id\":\"https:\/\/controlc.fr\/#organization\"},\"potentialAction\":[{\"@type\":\"SearchAction\",\"target\":{\"@type\":\"EntryPoint\",\"urlTemplate\":\"https:\/\/controlc.fr\/?s={search_term_string}\"},\"query-input\":{\"@type\":\"PropertyValueSpecification\",\"valueRequired\":true,\"valueName\":\"search_term_string\"}}],\"inLanguage\":\"fr-FR\"},{\"@type\":\"Organization\",\"@id\":\"https:\/\/controlc.fr\/#organization\",\"name\":\"Control^C\",\"url\":\"https:\/\/controlc.fr\/\",\"logo\":{\"@type\":\"ImageObject\",\"inLanguage\":\"fr-FR\",\"@id\":\"https:\/\/controlc.fr\/#\/schema\/logo\/image\/\",\"url\":\"https:\/\/controlc.fr\/wp-content\/uploads\/2020\/12\/cropped-cropped-cropped-logo-melun.png\",\"contentUrl\":\"https:\/\/controlc.fr\/wp-content\/uploads\/2020\/12\/cropped-cropped-cropped-logo-melun.png\",\"width\":427,\"height\":100,\"caption\":\"Control^C\"},\"image\":{\"@id\":\"https:\/\/controlc.fr\/#\/schema\/logo\/image\/\"},\"sameAs\":[\"https:\/\/x.com\/controlcmelun\",\"https:\/\/www.linkedin.com\/company\/8009384\"]}]}<\/script>\n<!-- \/ Yoast SEO plugin. -->","yoast_head_json":{"title":"Bureautique - formations bureautique ControlC Melun","description":"Formations bureautiques de Control^C \u00e0 Melun : pack office, outils collaboratifs Teams Sharepoint etc. Prise en charge CPF. Certifi\u00e9 QUALIOPI","robots":{"index":"index","follow":"follow","max-snippet":"max-snippet:-1","max-image-preview":"max-image-preview:large","max-video-preview":"max-video-preview:-1"},"canonical":"https:\/\/controlc.fr\/index.php\/formations-bureautique-controlc-melun\/","og_locale":"fr_FR","og_type":"article","og_title":"Bureautique - formations bureautique ControlC Melun","og_description":"Formations bureautiques de Control^C \u00e0 Melun : pack office, outils collaboratifs Teams Sharepoint etc. Prise en charge CPF. Certifi\u00e9 QUALIOPI","og_url":"https:\/\/controlc.fr\/index.php\/formations-bureautique-controlc-melun\/","article_modified_time":"2024-05-15T14:37:27+00:00","og_image":[{"width":100,"height":100,"url":"https:\/\/controlc.fr\/wp-content\/uploads\/2023\/06\/icons8-poste-de-travail-100.png","type":"image\/png"}],"twitter_card":"summary_large_image","twitter_site":"@controlcmelun","twitter_misc":{"Dur\u00e9e de lecture estim\u00e9e":"2 minutes"},"schema":{"@context":"https:\/\/schema.org","@graph":[{"@type":"WebPage","@id":"https:\/\/controlc.fr\/index.php\/formations-bureautique-controlc-melun\/","url":"https:\/\/controlc.fr\/index.php\/formations-bureautique-controlc-melun\/","name":"Bureautique - formations bureautique ControlC Melun","isPartOf":{"@id":"https:\/\/controlc.fr\/#website"},"primaryImageOfPage":{"@id":"https:\/\/controlc.fr\/index.php\/formations-bureautique-controlc-melun\/#primaryimage"},"image":{"@id":"https:\/\/controlc.fr\/index.php\/formations-bureautique-controlc-melun\/#primaryimage"},"thumbnailUrl":"https:\/\/controlc.fr\/wp-content\/uploads\/2024\/02\/Logo-officiel-cpf-150x150.png","datePublished":"2020-12-22T09:14:42+00:00","dateModified":"2024-05-15T14:37:27+00:00","description":"Formations bureautiques de Control^C \u00e0 Melun : pack office, outils collaboratifs Teams Sharepoint etc. Prise en charge CPF. Certifi\u00e9 QUALIOPI","breadcrumb":{"@id":"https:\/\/controlc.fr\/index.php\/formations-bureautique-controlc-melun\/#breadcrumb"},"inLanguage":"fr-FR","potentialAction":[{"@type":"ReadAction","target":["https:\/\/controlc.fr\/index.php\/formations-bureautique-controlc-melun\/"]}]},{"@type":"ImageObject","inLanguage":"fr-FR","@id":"https:\/\/controlc.fr\/index.php\/formations-bureautique-controlc-melun\/#primaryimage","url":"https:\/\/controlc.fr\/wp-content\/uploads\/2024\/02\/Logo-officiel-cpf.png","contentUrl":"https:\/\/controlc.fr\/wp-content\/uploads\/2024\/02\/Logo-officiel-cpf.png","width":300,"height":300},{"@type":"BreadcrumbList","@id":"https:\/\/controlc.fr\/index.php\/formations-bureautique-controlc-melun\/#breadcrumb","itemListElement":[{"@type":"ListItem","position":1,"name":"Accueil","item":"https:\/\/controlc.fr\/"},{"@type":"ListItem","position":2,"name":"Bureautique"}]},{"@type":"WebSite","@id":"https:\/\/controlc.fr\/#website","url":"https:\/\/controlc.fr\/","name":"Controlc.fr","description":"","publisher":{"@id":"https:\/\/controlc.fr\/#organization"},"potentialAction":[{"@type":"SearchAction","target":{"@type":"EntryPoint","urlTemplate":"https:\/\/controlc.fr\/?s={search_term_string}"},"query-input":{"@type":"PropertyValueSpecification","valueRequired":true,"valueName":"search_term_string"}}],"inLanguage":"fr-FR"},{"@type":"Organization","@id":"https:\/\/controlc.fr\/#organization","name":"Control^C","url":"https:\/\/controlc.fr\/","logo":{"@type":"ImageObject","inLanguage":"fr-FR","@id":"https:\/\/controlc.fr\/#\/schema\/logo\/image\/","url":"https:\/\/controlc.fr\/wp-content\/uploads\/2020\/12\/cropped-cropped-cropped-logo-melun.png","contentUrl":"https:\/\/controlc.fr\/wp-content\/uploads\/2020\/12\/cropped-cropped-cropped-logo-melun.png","width":427,"height":100,"caption":"Control^C"},"image":{"@id":"https:\/\/controlc.fr\/#\/schema\/logo\/image\/"},"sameAs":["https:\/\/x.com\/controlcmelun","https:\/\/www.linkedin.com\/company\/8009384"]}]}},"_links":{"self":[{"href":"https:\/\/controlc.fr\/index.php\/wp-json\/wp\/v2\/pages\/40","targetHints":{"allow":["GET"]}}],"collection":[{"href":"https:\/\/controlc.fr\/index.php\/wp-json\/wp\/v2\/pages"}],"about":[{"href":"https:\/\/controlc.fr\/index.php\/wp-json\/wp\/v2\/types\/page"}],"author":[{"embeddable":true,"href":"https:\/\/controlc.fr\/index.php\/wp-json\/wp\/v2\/users\/1"}],"replies":[{"embeddable":true,"href":"https:\/\/controlc.fr\/index.php\/wp-json\/wp\/v2\/comments?post=40"}],"version-history":[{"count":25,"href":"https:\/\/controlc.fr\/index.php\/wp-json\/wp\/v2\/pages\/40\/revisions"}],"predecessor-version":[{"id":5407,"href":"https:\/\/controlc.fr\/index.php\/wp-json\/wp\/v2\/pages\/40\/revisions\/5407"}],"wp:attachment":[{"href":"https:\/\/controlc.fr\/index.php\/wp-json\/wp\/v2\/media?parent=40"}],"curies":[{"name":"wp","href":"https:\/\/api.w.org\/{rel}","templated":true}]}}